{"id":8,"date":"2025-02-23T18:05:20","date_gmt":"2025-02-23T16:05:20","guid":{"rendered":"https:\/\/www.noise.fi\/rookierelics\/?page_id=8"},"modified":"2026-05-05T20:47:56","modified_gmt":"2026-05-05T17:47:56","slug":"ostoskori","status":"publish","type":"page","link":"https:\/\/www.rookierelics.fi\/?page_id=8","title":{"rendered":"Ostoskori"},"content":{"rendered":"\n<div data-block-name=\"woocommerce\/cart\" class=\"wp-block-woocommerce-cart alignwide is-loading\">\n<div data-block-name=\"woocommerce\/filled-cart-block\" class=\"wp-block-woocommerce-filled-cart-block\">\n<div data-block-name=\"woocommerce\/cart-items-block\" class=\"wp-block-woocommerce-cart-items-block\">\n<div data-block-name=\"woocommerce\/cart-line-items-block\" class=\"wp-block-woocommerce-cart-line-items-block\"><\/div>\n\n\n\n<div data-block-name=\"woocommerce\/cart-cross-sells-block\" class=\"wp-block-woocommerce-cart-cross-sells-block\">\n<h2 class=\"wp-block-heading has-large-font-size\">Saatat olla kiinnostunut my\u00f6s&#8230;<\/h2>\n\n\n\n<div data-block-name=\"woocommerce\/cart-cross-sells-products-block\" class=\"wp-block-woocommerce-cart-cross-sells-products-block\"><\/div>\n<\/div>\n<\/div>\n\n\n\n<div data-block-name=\"woocommerce\/cart-totals-block\" class=\"wp-block-woocommerce-cart-totals-block\">\n<div data-block-name=\"woocommerce\/cart-order-summary-block\" class=\"wp-block-woocommerce-cart-order-summary-block\">\n<div data-block-name=\"woocommerce\/cart-order-summary-heading-block\" class=\"wp-block-woocommerce-cart-order-summary-heading-block\"><\/div><div data-block-name=\"woocommerce\/cart-order-summary-coupon-form-block\" class=\"wp-block-woocommerce-cart-order-summary-coupon-form-block\"><\/div><div data-block-name=\"woocommerce\/cart-order-summary-totals-block\" class=\"wp-block-woocommerce-cart-order-summary-totals-block\">\n<div data-block-name=\"woocommerce\/cart-order-summary-subtotal-block\" class=\"wp-block-woocommerce-cart-order-summary-subtotal-block\"><\/div>\n<div data-block-name=\"woocommerce\/cart-order-summary-discount-block\" class=\"wp-block-woocommerce-cart-order-summary-discount-block\"><\/div>\n<div data-block-name=\"woocommerce\/cart-order-summary-fee-block\" class=\"wp-block-woocommerce-cart-order-summary-fee-block\"><\/div>\n<div data-block-name=\"woocommerce\/cart-order-summary-shipping-block\" class=\"wp-block-woocommerce-cart-order-summary-shipping-block\"><\/div>\n<div data-block-name=\"woocommerce\/cart-order-summary-taxes-block\" class=\"wp-block-woocommerce-cart-order-summary-taxes-block\"><\/div><\/div>\n<\/div>\n\n\n\n<div data-block-name=\"woocommerce\/cart-express-payment-block\" class=\"wp-block-woocommerce-cart-express-payment-block\"><\/div>\n\n\n\n<div data-block-name=\"woocommerce\/proceed-to-checkout-block\" class=\"wp-block-woocommerce-proceed-to-checkout-block\"><\/div>\n\n\n\n<div data-block-name=\"woocommerce\/cart-accepted-payment-methods-block\" class=\"wp-block-woocommerce-cart-accepted-payment-methods-block\"><\/div>\n<\/div>\n<\/div>\n\n\n\n<div data-block-name=\"woocommerce\/empty-cart-block\" class=\"wp-block-woocommerce-empty-cart-block\">\n<h2 class=\"wp-block-heading has-text-align-center with-empty-cart-icon wc-block-cart__empty-cart__title\">Ostoskorisi on tyhj\u00e4!<\/h2>\n\n\n\n<hr class=\"wp-block-separator has-alpha-channel-opacity is-style-dots\"\/>\n\n\n\n<h2 class=\"wp-block-heading has-text-align-center\">Uutta kaupassa<\/h2>\n\n\n<div data-block-name=\"woocommerce\/product-new\" data-columns=\"4\" data-rows=\"1\" class=\"wc-block-grid wp-block-product-new wp-block-woocommerce-product-new wc-block-product-new has-4-columns\"><ul class=\"wc-block-grid__products\"><li class=\"wc-block-grid__product\">\n\t\t\t\t<a href=\"https:\/\/www.rookierelics.fi\/?product=2006-07-223-mikko-lehtonen-young-guns\" class=\"wc-block-grid__product-link\">\n\t\t\t\t\t\n\t\t\t\t\t<div class=\"wc-block-grid__product-image\"><img loading=\"lazy\" decoding=\"async\" width=\"324\" height=\"478\" src=\"https:\/\/www.rookierelics.fi\/wp-content\/uploads\/2026\/05\/e6b36aa2a041e0e7ff4aa0af96f35bd8dc0c99e9-324x478.jpg\" class=\"attachment-woocommerce_thumbnail size-woocommerce_thumbnail\" alt=\"2006-07 #223 Mikko Lehtonen Young Guns\" srcset=\"https:\/\/www.rookierelics.fi\/wp-content\/uploads\/2026\/05\/e6b36aa2a041e0e7ff4aa0af96f35bd8dc0c99e9-324x478.jpg 324w, https:\/\/www.rookierelics.fi\/wp-content\/uploads\/2026\/05\/e6b36aa2a041e0e7ff4aa0af96f35bd8dc0c99e9-416x613.jpg 416w, https:\/\/www.rookierelics.fi\/wp-content\/uploads\/2026\/05\/e6b36aa2a041e0e7ff4aa0af96f35bd8dc0c99e9-64x94.jpg 64w, https:\/\/www.rookierelics.fi\/wp-content\/uploads\/2026\/05\/e6b36aa2a041e0e7ff4aa0af96f35bd8dc0c99e9-203x300.jpg 203w, https:\/\/www.rookierelics.fi\/wp-content\/uploads\/2026\/05\/e6b36aa2a041e0e7ff4aa0af96f35bd8dc0c99e9-694x1024.jpg 694w, https:\/\/www.rookierelics.fi\/wp-content\/uploads\/2026\/05\/e6b36aa2a041e0e7ff4aa0af96f35bd8dc0c99e9-768x1133.jpg 768w, https:\/\/www.rookierelics.fi\/wp-content\/uploads\/2026\/05\/e6b36aa2a041e0e7ff4aa0af96f35bd8dc0c99e9-1042x1536.jpg 1042w, https:\/\/www.rookierelics.fi\/wp-content\/uploads\/2026\/05\/e6b36aa2a041e0e7ff4aa0af96f35bd8dc0c99e9.jpg 1129w\" sizes=\"auto, (max-width: 324px) 100vw, 324px\" \/><\/div>\n\t\t\t\t\t<div class=\"wc-block-grid__product-title\">2006-07 #223 Mikko Lehtonen Young Guns<\/div>\n\t\t\t\t<\/a>\n\t\t\t\t<div class=\"wc-block-grid__product-price price\"><span class=\"woocommerce-Price-amount amount\">3,00&nbsp;<span class=\"woocommerce-Price-currencySymbol\">&euro;<\/span><\/span><\/div>\n\t\t\t\t\n\t\t\t\t<div class=\"wp-block-button wc-block-grid__product-add-to-cart\"><a href=\"\/index.php?rest_route=%2Fwp%2Fv2%2Fpages%2F8&#038;add-to-cart=552\" aria-label=\"Lis\u00e4\u00e4 ostoskoriin: &ldquo;2006-07 #223 Mikko Lehtonen Young Guns&rdquo;\" data-quantity=\"1\" data-product_id=\"552\" data-product_sku=\"\" data-price=\"3\" rel=\"nofollow\" class=\"wp-block-button__link  add_to_cart_button ajax_add_to_cart\">Lis\u00e4\u00e4 ostoskoriin<\/a><\/div>\n\t\t\t<\/li><li class=\"wc-block-grid__product\">\n\t\t\t\t<a href=\"https:\/\/www.rookierelics.fi\/?product=2006-07-228-masi-marjamaki-young-guns\" class=\"wc-block-grid__product-link\">\n\t\t\t\t\t\n\t\t\t\t\t<div class=\"wc-block-grid__product-image\"><img loading=\"lazy\" decoding=\"async\" width=\"324\" height=\"510\" src=\"https:\/\/www.rookierelics.fi\/wp-content\/uploads\/2026\/05\/06dbf62c583fb1ded12bc1d53253c416284151c2-324x510.jpg\" class=\"attachment-woocommerce_thumbnail size-woocommerce_thumbnail\" alt=\"2006-07 #228 Masi Marjam\u00e4ki Young Guns\" srcset=\"https:\/\/www.rookierelics.fi\/wp-content\/uploads\/2026\/05\/06dbf62c583fb1ded12bc1d53253c416284151c2-324x510.jpg 324w, https:\/\/www.rookierelics.fi\/wp-content\/uploads\/2026\/05\/06dbf62c583fb1ded12bc1d53253c416284151c2-416x655.jpg 416w, https:\/\/www.rookierelics.fi\/wp-content\/uploads\/2026\/05\/06dbf62c583fb1ded12bc1d53253c416284151c2-64x101.jpg 64w, https:\/\/www.rookierelics.fi\/wp-content\/uploads\/2026\/05\/06dbf62c583fb1ded12bc1d53253c416284151c2-190x300.jpg 190w, https:\/\/www.rookierelics.fi\/wp-content\/uploads\/2026\/05\/06dbf62c583fb1ded12bc1d53253c416284151c2-650x1024.jpg 650w, https:\/\/www.rookierelics.fi\/wp-content\/uploads\/2026\/05\/06dbf62c583fb1ded12bc1d53253c416284151c2-768x1210.jpg 768w, https:\/\/www.rookierelics.fi\/wp-content\/uploads\/2026\/05\/06dbf62c583fb1ded12bc1d53253c416284151c2-975x1536.jpg 975w, https:\/\/www.rookierelics.fi\/wp-content\/uploads\/2026\/05\/06dbf62c583fb1ded12bc1d53253c416284151c2.jpg 998w\" sizes=\"auto, (max-width: 324px) 100vw, 324px\" \/><\/div>\n\t\t\t\t\t<div class=\"wc-block-grid__product-title\">2006-07 #228 Masi Marjam\u00e4ki Young Guns<\/div>\n\t\t\t\t<\/a>\n\t\t\t\t<div class=\"wc-block-grid__product-price price\"><span class=\"woocommerce-Price-amount amount\">3,50&nbsp;<span class=\"woocommerce-Price-currencySymbol\">&euro;<\/span><\/span><\/div>\n\t\t\t\t\n\t\t\t\t<div class=\"wp-block-button wc-block-grid__product-add-to-cart\"><a href=\"\/index.php?rest_route=%2Fwp%2Fv2%2Fpages%2F8&#038;add-to-cart=551\" aria-label=\"Lis\u00e4\u00e4 ostoskoriin: &ldquo;2006-07 #228 Masi Marjam\u00e4ki Young Guns&rdquo;\" data-quantity=\"1\" data-product_id=\"551\" data-product_sku=\"\" data-price=\"3.5\" rel=\"nofollow\" class=\"wp-block-button__link  add_to_cart_button ajax_add_to_cart\">Lis\u00e4\u00e4 ostoskoriin<\/a><\/div>\n\t\t\t<\/li><li class=\"wc-block-grid__product\">\n\t\t\t\t<a href=\"https:\/\/www.rookierelics.fi\/?product=2006-07-208-fredrik-norrena-young-guns\" class=\"wc-block-grid__product-link\">\n\t\t\t\t\t\n\t\t\t\t\t<div class=\"wc-block-grid__product-image\"><img loading=\"lazy\" decoding=\"async\" width=\"324\" height=\"482\" src=\"https:\/\/www.rookierelics.fi\/wp-content\/uploads\/2026\/05\/3bd8b804c1d1d4be8672eb789df2b7db21a9bc40-324x482.jpg\" class=\"attachment-woocommerce_thumbnail size-woocommerce_thumbnail\" alt=\"2006-07 #208 Fredrik Norrena Young Guns\" srcset=\"https:\/\/www.rookierelics.fi\/wp-content\/uploads\/2026\/05\/3bd8b804c1d1d4be8672eb789df2b7db21a9bc40-324x482.jpg 324w, https:\/\/www.rookierelics.fi\/wp-content\/uploads\/2026\/05\/3bd8b804c1d1d4be8672eb789df2b7db21a9bc40-416x619.jpg 416w, https:\/\/www.rookierelics.fi\/wp-content\/uploads\/2026\/05\/3bd8b804c1d1d4be8672eb789df2b7db21a9bc40-64x95.jpg 64w, https:\/\/www.rookierelics.fi\/wp-content\/uploads\/2026\/05\/3bd8b804c1d1d4be8672eb789df2b7db21a9bc40-202x300.jpg 202w, https:\/\/www.rookierelics.fi\/wp-content\/uploads\/2026\/05\/3bd8b804c1d1d4be8672eb789df2b7db21a9bc40-688x1024.jpg 688w, https:\/\/www.rookierelics.fi\/wp-content\/uploads\/2026\/05\/3bd8b804c1d1d4be8672eb789df2b7db21a9bc40-768x1143.jpg 768w, https:\/\/www.rookierelics.fi\/wp-content\/uploads\/2026\/05\/3bd8b804c1d1d4be8672eb789df2b7db21a9bc40.jpg 1024w\" sizes=\"auto, (max-width: 324px) 100vw, 324px\" \/><\/div>\n\t\t\t\t\t<div class=\"wc-block-grid__product-title\">2006-07 #208 Fredrik Norrena Young Guns<\/div>\n\t\t\t\t<\/a>\n\t\t\t\t<div class=\"wc-block-grid__product-price price\"><span class=\"woocommerce-Price-amount amount\">6,00&nbsp;<span class=\"woocommerce-Price-currencySymbol\">&euro;<\/span><\/span><\/div>\n\t\t\t\t\n\t\t\t\t<div class=\"wp-block-button wc-block-grid__product-add-to-cart\"><a href=\"\/index.php?rest_route=%2Fwp%2Fv2%2Fpages%2F8&#038;add-to-cart=550\" aria-label=\"Lis\u00e4\u00e4 ostoskoriin: &ldquo;2006-07 #208 Fredrik Norrena Young Guns&rdquo;\" data-quantity=\"1\" data-product_id=\"550\" data-product_sku=\"\" data-price=\"6\" rel=\"nofollow\" class=\"wp-block-button__link  add_to_cart_button ajax_add_to_cart\">Lis\u00e4\u00e4 ostoskoriin<\/a><\/div>\n\t\t\t<\/li><li class=\"wc-block-grid__product\">\n\t\t\t\t<a href=\"https:\/\/www.rookierelics.fi\/?product=2005-06-483-valtteri-filppula-young-guns\" class=\"wc-block-grid__product-link\">\n\t\t\t\t\t\n\t\t\t\t\t<div class=\"wc-block-grid__product-image\"><img loading=\"lazy\" decoding=\"async\" width=\"324\" height=\"493\" src=\"https:\/\/www.rookierelics.fi\/wp-content\/uploads\/2026\/05\/91b7c2a59dbcbf960bfcc3e097b09d2bc0e5632c-324x493.jpg\" class=\"attachment-woocommerce_thumbnail size-woocommerce_thumbnail\" alt=\"2005-06 #483 Valtteri Filppula Young Guns\" srcset=\"https:\/\/www.rookierelics.fi\/wp-content\/uploads\/2026\/05\/91b7c2a59dbcbf960bfcc3e097b09d2bc0e5632c-324x493.jpg 324w, https:\/\/www.rookierelics.fi\/wp-content\/uploads\/2026\/05\/91b7c2a59dbcbf960bfcc3e097b09d2bc0e5632c-416x633.jpg 416w, https:\/\/www.rookierelics.fi\/wp-content\/uploads\/2026\/05\/91b7c2a59dbcbf960bfcc3e097b09d2bc0e5632c-64x97.jpg 64w, https:\/\/www.rookierelics.fi\/wp-content\/uploads\/2026\/05\/91b7c2a59dbcbf960bfcc3e097b09d2bc0e5632c-197x300.jpg 197w, https:\/\/www.rookierelics.fi\/wp-content\/uploads\/2026\/05\/91b7c2a59dbcbf960bfcc3e097b09d2bc0e5632c-673x1024.jpg 673w, https:\/\/www.rookierelics.fi\/wp-content\/uploads\/2026\/05\/91b7c2a59dbcbf960bfcc3e097b09d2bc0e5632c-768x1169.jpg 768w, https:\/\/www.rookierelics.fi\/wp-content\/uploads\/2026\/05\/91b7c2a59dbcbf960bfcc3e097b09d2bc0e5632c-1009x1536.jpg 1009w, https:\/\/www.rookierelics.fi\/wp-content\/uploads\/2026\/05\/91b7c2a59dbcbf960bfcc3e097b09d2bc0e5632c.jpg 1124w\" sizes=\"auto, (max-width: 324px) 100vw, 324px\" \/><\/div>\n\t\t\t\t\t<div class=\"wc-block-grid__product-title\">2005-06 #483 Valtteri Filppula Young Guns<\/div>\n\t\t\t\t<\/a>\n\t\t\t\t<div class=\"wc-block-grid__product-price price\"><span class=\"woocommerce-Price-amount amount\">6,00&nbsp;<span class=\"woocommerce-Price-currencySymbol\">&euro;<\/span><\/span><\/div>\n\t\t\t\t\n\t\t\t\t<div class=\"wp-block-button wc-block-grid__product-add-to-cart\"><a href=\"\/index.php?rest_route=%2Fwp%2Fv2%2Fpages%2F8&#038;add-to-cart=549\" aria-label=\"Lis\u00e4\u00e4 ostoskoriin: &ldquo;2005-06 #483 Valtteri Filppula Young Guns&rdquo;\" data-quantity=\"1\" data-product_id=\"549\" data-product_sku=\"\" data-price=\"6\" rel=\"nofollow\" class=\"wp-block-button__link  add_to_cart_button ajax_add_to_cart\">Lis\u00e4\u00e4 ostoskoriin<\/a><\/div>\n\t\t\t<\/li><\/ul><\/div><\/div>\n<\/div>\n","protected":false},"excerpt":{"rendered":"","protected":false},"author":1,"featured_media":0,"parent":0,"menu_order":0,"comment_status":"closed","ping_status":"closed","template":"","meta":{"footnotes":""},"class_list":["post-8","page","type-page","status-publish","hentry"],"_links":{"self":[{"href":"https:\/\/www.rookierelics.fi\/index.php?rest_route=\/wp\/v2\/pages\/8","targetHints":{"allow":["GET"]}}],"collection":[{"href":"https:\/\/www.rookierelics.fi\/index.php?rest_route=\/wp\/v2\/pages"}],"about":[{"href":"https:\/\/www.rookierelics.fi\/index.php?rest_route=\/wp\/v2\/types\/page"}],"author":[{"embeddable":true,"href":"https:\/\/www.rookierelics.fi\/index.php?rest_route=\/wp\/v2\/users\/1"}],"replies":[{"embeddable":true,"href":"https:\/\/www.rookierelics.fi\/index.php?rest_route=%2Fwp%2Fv2%2Fcomments&post=8"}],"version-history":[{"count":1,"href":"https:\/\/www.rookierelics.fi\/index.php?rest_route=\/wp\/v2\/pages\/8\/revisions"}],"predecessor-version":[{"id":12,"href":"https:\/\/www.rookierelics.fi\/index.php?rest_route=\/wp\/v2\/pages\/8\/revisions\/12"}],"wp:attachment":[{"href":"https:\/\/www.rookierelics.fi\/index.php?rest_route=%2Fwp%2Fv2%2Fmedia&parent=8"}],"curies":[{"name":"wp","href":"https:\/\/api.w.org\/{rel}","templated":true}]}}